- 430?
-430
In base 4, what is -11 + 312?
301
In base 16, what is 5 - 262?
-25d
In base 4, what is -120 + 10?
-110
In base 16, what is -d5e - 0?
-d5e
In base 7, what is -6 - 61?
-100
In base 13, what is -b - 4a?
-58
In base 12, what is -9138 - -5?
-9133
In base 6, what is -22 - -115?
53
In base 10, what is -3 + 2151?
2148
In base 5, what is 103 + -2?
101
In base 9, what is -7 + -56?
-64
In base 7, what is 4 - -65?
102
In base 11, what is -2 - 102?
-104
In base 8, what is -7 + -47?
-56
In base 4, what is -112 + 32?
-20
In base 10, what is 5 - -4?
9
In base 14, what is 5 + -69?
-64
In base 10, what is 41 + -1?
40
In base 4, what is -12301 + -111?
-13012
In base 12, what is -82b1 - 0?
-82b1
In base 6, what is -31 - -4?
-23
In base 7, what is -636 - -4?
-632
In base 11, what is -672 + -7?
-679
In base 9, what is 13 + 453?
466
In base 16, what is -30d + -4?
-311
In base 6, what is 112513 - 0?
112513
In base 13, what is 2b + 1?
2c
In base 4, what is 2 + 20030?
20032
In base 5, what is -2324 - -1?
-2323
In base 3, what is -220 - -12?
-201
In base 3, what is 101220022 - 10?
101220012
In base 5, what is -2 + -3140?
-3142
In base 9, what is 1155 - 30?
1125
In base 16, what is 1e - -7?
25
In base 12, what is -ba + -5?
-103
In base 6, what is -23332 - -1?
-23331
In base 3, what is -1002122100 - -2?
-1002122021
In base 15, what is 5 - -1a?
20
In base 12, what is -20 - 6?
-26
In base 3, what is 0 + 100010?
100010
In base 9, what is -3 + -157?
-161
In base 13, what is 1 - -8?
9
In base 8, what is 3 + -312?
-307
In base 12, what is -b9a - -1?
-b99
In base 8, what is -127 + -14?
-143
In base 9, what is -174 - 3?
-177
In base 5, what is 1 + 3121?
3122
In base 5, what is -10112 + 12?
-10100
In base 7, what is 26 + -20?
6
In base 4, what is -12 + 220?
202
In base 13, what is 2 + -9a?
-98
In base 8, what is 21 + -355?
-334
In base 14, what is -1 + -c1?
-c2
In base 6, what is 50 + 15?
105
In base 7, what is 4562 - 5?
4554
In base 4, what is 230 + 11?
301
In base 14, what is d - 1?
c
In base 9, what is 14 - 4?
10
In base 3, what is 12 + 1111122?
1111211
In base 13, what is 253 + -2?
251
In base 13, what is 0 + 2b?
2b
In base 2, what is -100110101 - 101?
-100111010
In base 11, what is 4 + -12?
-9
In base 15, what is -2 + -135?
-137
In base 13, what is 11c - -13?
132
In base 8, what is -10 + 12?
2
In base 16, what is -6 - a?
-10
In base 7, what is 2 - -202?
204
In base 3, what is -1 + 20212?
20211
In base 11, what is 3154 - -3?
3157
In base 2, what is 110101000010 + 101?
110101000111
In base 9, what is 1140 - 2?
1137
In base 15, what is 9 - 3?
6
In base 4, what is -11 + -1113?
-1130
In base 16, what is -13 - -c0?
ad
In base 14, what is -98 + -7?
-a1
In base 13, what is -35a2 + 4?
-359b
In base 2, what is -1001011 + -110?
-1010001
In base 14, what is -35 - -24?
-11
In base 16, what is 342 + 0?
342
In base 13, what is -9c7 + 6?
-9c1
In base 16, what is f + -8b?
-7c
In base 8, what is 1 + -3?
-2
In base 12, what is b + 10?
1b
In base 8, what is 16 + 273?
311
In base 14, what is 5 + 2?
7
In base 11, what is 58 - -36?
93
In base 11, what is -1 + 5?
4
In base 4, what is 121 + 22?
203
In base 13, what is 5 + -a92?
-a8a
In base 11, what is 18 + -109?
-a1
In base 16, what is -11 - -1e5?
1d4
In base 12, what is 7633 + 1?
7634
In base 6, what is 2010 + -12?
1554
In base 2, what is -111111 - -10?
-111101
In base 6, what is -2 - 113?
-115
In base 11, what is 34 - -3?
37
In base 3, what is -1 + -22100?
-22101
In base 9, what is -1156 - -1?
-1155
In base 10, what is 2563 + 2?
2565
In base 12, what is a4 + -b?
95
In base 15, what is -8 - 7?
-10
In base 9, what is 5 + -1425?
-1420
In base 6, what is 332 - -4?
340
In base 13, what is -16 - 5?
-1b
In base 16, what is -13 - -6?
-d
In base 9, what is -13 + 83?
70
In base 12, what is 1 + 1b?
20
In base 12, what is -2 + 145?
143
In base 12, what is 187 + 8?
193
In base 6, what is 4 - 334?
-330
In base 11, what is -273 - -1?
-272
In base 2, what is 1111100101011 + -1?
1111100101010
In base 2, what is -100 - 101100?
-110000
In base 13, what is c56 + -15?
c41
In base 13, what is -3 - 25?
-28
In base 2, what is 1101100 + -10?
1101010
In base 13, what is -b - -6?
-5
In base 5, what is 4 + -334?
-330
In base 2, what is 1101111101 - 10?
1101111011
In base 13, what is -a - 13?
-20
In base 15, what is -6 + 195?
18e
In base 6, what is -4 + 0?
-4
In base 11, what is 4 - 150?
-147
In base 15, what is 8 + 14d?
156
In base 16, what is b8 + 6?
be
In base 2, what is -10100111 - -10?
-10100101
In base 6, what is -1 + -105?
-110
In base 13, what is 5c7 - 3?
5c4
In base 16, what is -8 - 68?
-70
In base 15, what is 1 - 61?
-60
In base 3, what is -220 - -10100?
2110
In base 15, what is -a37 - -3?
-a34
In base 8, what is 2553 - -1?
2554
In base 14, what is 92 + -3?
8d
In base 9, what is -14 - -32?
17
In base 10, what is -4 - -3218?
3214
In base 10, what is 3189 - -5?
3194
In base 14, what is 58 + 3?
5b
In base 5, what is -13 - 201?
-214
In base 4, what is 2331 - -10?
3001
In base 5, what is 2341 + -34?
2302
In base 5, what is -1 + 3204?
3203
In base 3, what is -2110 - 22?
-2202
In base 9, what is -2 + -847?
-850
In base 5, what is -10 - 421?
-431
In base 9, what is -16 + -40?
-56
In base 9, what is 3 + -8307?
-8304
In base 15, what is dbe - 3?
dbb
In base 13, what is -3 - 34?
-37
In base 13, what is -5 + -81?
-86
In base 2, what is 0 - 100000?
-100000
In base 13, what is 3 - 89?
-86
In base 5, what is -122 + -4?
-131
In base 6, what is 32 - 1314?
-1242
In base 13, what is -a6 + -4?
-aa
In base 13, what is -3 + -1a1?
-1a4
In base 12, what is 2a + 8?
36
In base 4, what is -120002 - -3?
-113333
In base 7, what is 20 + -10?
10
In base 5, what is -4201 + -10?
-4211
In base 10, what is -6 + 12?
6
In base 3, what is 10 - 212012?
-212002
In base 4, what is -1330032 + -10?
-1330102
In base 3, what is 1 + 112000?
112001
In base 14, what is 2 + -384?
-382
In base 3, what is -112 + 12020?
11201
In base 9, what is -31 - 121?
-152
In base 14, what is -38 + 10?
-28
In base 14, what is -73 - 22?
-95
In base 14, what is 1 - -33?
34
In base 11, what is -3 - 190?
-193
In base 5, what is -1 - 22103?
-22104
In base 11, what is -1 - -2a7?
2a6
In base 9, what is 148 - 5?
143
In base 15, what is 5 + -10ea?
-10e5
In base 12, what is -2ab + -3?
-2b2
In base 14, what is -5 + 187?
182
In base 8, what is -47 - -6?
-41
In base 2, what is 1000 + -101100?
-100100
In base 8, what is 15 - 360?
-343
In base 15, what is -4 + -95?
-99
In base 16, what is -5 + 3d?
38
In base 15, what is 9 - b5?
-ab
In base 6, what is -152 + 2?
-150
In base 14, what is -1 - 78?
-79
In base 16, what is -6 - -1c?
16
In base 3, what is 10102 - -12?
10121
In base 7, what is -3601 + 0?
-3601
In base 15, what is -4 + -22?
-26
In base 6, what is 1 - -125?
130
In base 11, what is -121 + -22?
-143
In base 3, what is 11210 + -122?
11011
In base 7, what is 153 + 316?
502
In base 7, what is 123 - 0?
123
In base 14, what is -76 + 2?
-74
In base 3, what is 2012 + 11?
2100
In base 13, what is -4 - 2a3?
-2a7
In base 9, what is 2 + -140?
-137
In base 14, what is 17 + -124?
-10b
In base 8, what is 11 - -2474?
2505
In base 3, what is 1 - -10222?
11000
In base 10, what is 6693 + 0?
6693
In base 5, what is -2 - 324?
-331
In base 14, what is b3 - 5?
ac
In base 11, what is -86 + 9?
-78
In base 6, what is -4510 + 2?
-4504
In base 6, what is 3 - 2320?
-2313
In base 15, what is -1 + -33a?
-33b
In base 8, what is 4 + 406?
412
In base 9, what is -4 - -306?
302
In base 15, what is e - -e1?
100
In base 11, what is 35a9 - 4?
35a5
In base 13, what is -5 - 377?
-37c
In base 2, what is -11 - -1100011?
1100000
In base 16, what is -f + 7a?
6b
In base 7, what is 140 - 5?
132
In base 2, what is -1 - 1011100011?
-1011100100
In base 10, what is 293 - -5?
298
In base 13, what is -13 + 305?
2c2
In base 2, what is -11000101 - -101?
-11000000
In base 6, what is -2534 - 45?
-3023
In base 10, what is 37 + 28?
65
In base 7, what is 3 - 3106?
-3103
In base 13, what is -2 + -37?
-39
In base 6, what is 233 + 110?
343
In base 11, what is -39 + 26?
-13
In base 13, what is 12 + 1a3?
1b5
In base 4, what is -1123 - 111?
-1300
In base 11, what is 5 - 5?
0
In base 2, what is -1001 + -100?
-1101
In base 6, what is 153 + 210?
403
In base 9, what is -3 + 643?
640
In base